be n(2). Let i be (-2)/8*0 + y. Let m = -102 + i. What is the tens digit of m?
4
Suppose -5*p + 1622 = -3*b, 17*b - 18*b - 1292 = -4*p. What is the tens digit of p?
2
Let q = -1395 - -4094. What is the hundreds digit of q?
6
Suppose -3*z = -7*z - 16, 0 = 4*i - 5*z - 20. Suppose 0 = -n + 5*m + 93, i = -2*n + 5*m - 11 + 187. What is the units digit of n?
3
Let s(a) = 12*a - 90. What is the units digit of s(20)?
0
Let z(f) = 8*f**2 + 26. What is the tens digit of z(-5)?
2
Let w = -24 + 29. Suppose -3*t = -2*p - 85, 10*p - 5*p - 150 = -w*t. What is the tens digit of t?
2
Suppose 267*i + 1142 = 269*i. What is the units digit of i?
1
Suppose -3*p - 3*b - 10 - 11 = 0, -b = -2*p - 20. Let m(c) = c + 17. Let r be m(p). What is the tens digit of -2*r/12*-12?
1
Suppose 6*h - 3*h - 2 = -s, -s - h + 4 = 0. What is the units digit of s/(5/(-36))*(-12)/8?
4
Let i(x) = 5*x + 3. Let t be i(3). Suppose 2*z = 4 - t. Let k(v) = -3*v - 2. What is the tens digit of k(z)?
1
Let l = -1121 + 3062. What is the hundreds digit of l?
9
Let w(d) = -2*d**3 - 21*d**2 - 8*d - 3. Let i be w(-6). Let b = -190 - i. What is the tens digit of b?
8
Suppose -b - 4*w - 93 = -20, 4*b - 5*w = -313. Let s = b - -41. What is the tens digit of 536/18 + (-8)/s?
3
Suppose -15 + 0 = -b + 4*q, -4*b - 3*q = 16. Let i be (5/b + 4)*-3. Suppose 3*h - 5 - 151 = 3*m, i*m + 203 = 4*h. What is the tens digit of h?
4
Let k = -910 - -1379. What is the hundreds digit of k?
4
Suppose -17555 = -5*c + 2*f - 7*f, 0 = -5*c - 4*f + 17558. What is the units digit of c?
4
Let k = 6621 + -3804. What is the thousands digit of k?
2
Suppose -36 = -3*z - 9*z. What is the tens digit of (z/2)/(3/180 + 0)?
9
Suppose -17435 = -1625*s + 1614*s. What is the units digit of s?
5
Let v(g) = 4*g - 9*g + 4*g + 1. Let r be v(2). Let w(i) = 69*i**2 - 2*i - 2. What is the units digit of w(r)?
9
What is the tens digit of (0/2 - 1)/(43/(-10578))?
4
Let s(l) = 4*l + 1 + 1 + 10 - 6*l. What is the units digit of s(5)?
2
Let v = -2 + 6. What is the units digit of (-6)/(-24) - (-231)/v?
8
Let w = -75 + 78. Suppose 2*b + z = 2*z + 295, 3*b - w*z = 435. What is the units digit of b?
0
Let c be -3*(-4)/42 - (-30085)/77. Let v = c + -167. What is the hundreds digit of v?
2
Let x = 3156 + 711. What is the units digit of x?
7
Suppose -103 = -7*v + 758. Let y = 229 - v. What is the hundreds digit of y?
1
Suppose -3 = -3*g + 12, 4*q + 4*g = 1544. What is the hundreds digit of q?
3
Let o = -261 + 423. What is the tens digit of o?
6
Let h be ((-6)/4)/(63/(-210)). Suppose -1460 = -5*d - 0*d. Suppose -4*q - 5*w + d = 0, h*q + 3 - 363 = -5*w. What is the units digit of q?
8
Suppose 34 = 2*g - 80. Suppose 0 = -4*s + 9 + 3. Suppose -2*y + 102 = s*c, -y - g = -4*c + 68. What is the tens digit of c?
3
Let y(h) = h**2 + h - 7. Let x be y(3). Suppose -n + 1 = -2*n - q, x*n - 5*q = 15. What is the units digit of n?
1
Let l = -86 + -76. Let b = l + 347. What is the tens digit of b?
8
Let t(p) be the first derivative of p**6/90 - p**5/60 + p**4/12 + 5*p**3/3 + 1. Let y(d) be the third derivative of t(d). What is the units digit of y(2)?
4
Suppose 8*c - 230 = 3*c. Suppose 20*y = 27*y + 140. Let n = y + c. What is the tens digit of n?
2
Let g be 0/(2/(-1)) - -92. Let p = g - 6. What is the tens digit of p?
8
Let q(t) = 15*t - 9. Let c be (-28)/(-84) + (-88)/(-6). Suppose -20 = 4*k, -4*h = -2*h + 5*k + c. What is the units digit of q(h)?
6
Let r = 4 - -1. Suppose q - 3*q + 74 = -5*v, -r*q + 3*v = -166. Let l = -11 + q. What is the units digit of l?
1
Suppose 4 = 2*r - 3*q, -2*q - q = 3*r - 21. Suppose -2*a + 131 = 3*l - 4*a, -5*a + 185 = r*l. What is the tens digit of l?
4
Let l(d) = -d**3 - 7*d**2 + 5*d + 6. Let w be l(-9). Let r = w + -54. What is the tens digit of r?
6
Let d = 296 - -370. What is the tens digit of d?
6
Let z = -26 + 28. Suppose -z*d + 4 = 2*j, -4*d + 5*d = -3. Suppose 4*t + 67 = -4*l + j*l, -5*l + 2*t = -263. What is the units digit of l?
1
Let x(d) = -d**2 + 10*d + 5. Let v be x(10). Suppose 455 = 5*t + v*u, u + 25 = 5*t - 400. What is the units digit of t?
6
Suppose 663 = 4*b + 4*a + 15, 0 = -3*b + 3*a + 462. Suppose j - 99 = -2*u - 2*u, -2*u - b = -2*j. What is the units digit of j?
3
Suppose 2*i + 967 = 5*j, -776 = -4*j - 22*i + 26*i. What is the hundreds digit of j?
1
Suppose 0 = -2*q + 61 + 285. Let s = q + -97. What is the tens digit of s?
7
Suppose -7*t - 6313 = -10*t - 5*o, -5*t + 4*o = -10497. What is the thousands digit of t?
2
Let g(k) = -14*k - 10. Let n be g(-7). Let i = -73 + 83. What is the units digit of n/20*i/4?
1
Suppose 0 = -y - 44 + 868. What is the hundreds digit of y?
8
Let q = -695 + 991. What is the hundreds digit of q?
2
Let z = 532 - 275. What is the units digit of z?
7
Suppose -2*c + 2*b = 4*b - 10, 4*c + 2*b - 20 = 0. Suppose -3*p + 0*x + c*x + 749 = 0, -x = p - 263. What is the hundreds digit of p?
2
Suppose -2*x = 13*m - 9*m - 8782, -5*m = -x + 4384. What is the tens digit of x?
8
Let i(k) = 2 - 2*k**2 + 3*k + 5*k**2 - 19*k + 3. What is the tens digit of i(7)?
4
Suppose 0 = 5*x + 1957 - 617. What is the units digit of x/(-8) + -2 + (-6)/(-4)?
3
Let r = -195 - -290. What is the units digit of r?
5
Suppose 0 = -6*u + 11*u + 5*w - 3625, -5*w = -5*u + 3595. What is the units digit of u?
2
Suppose 4 + 4 = 2*j. Suppose -46 = j*n - 190. What is the tens digit of (-26)/3*n/(-24)?
1
Suppose 4*q + 3*l - 20 = 0, 0 = -q + l + 2 - 4. Suppose -q*j - 4*j + 312 = 0. What is the tens digit of j?
5
Suppose -5*l - 6*t + 231 = -3*t, 2*l + t - 92 = 0. Let n(o) = -o**3 - 2*o**2 + o - 1. Let g be n(-3). Suppose l = -g*v + 140. What is the tens digit of v?
1
Suppose 32*p + 24 = 35*p. What is the units digit of p?
8
Suppose -10343 - 37221 = -22*h. What is the units digit of h?
2
Let v(r) = -r**3 + 8*r**2 - 2*r + 13. Let g be v(6). Let s(z) = z**2 + 10*z - 13. Let m be s(-9). Let u = g + m. What is the tens digit of u?
5
Let o(c) = c**2 + 26*c + 13. Let n be o(-21). What is the units digit of n/(-23)*(17 - (0 - -1))?
4
Let u be ((-4)/(-5))/((-2)/(-220)). Suppose u = 2*s - s. What is the tens digit of s?
8
Let g(j) = 335*j**2 + 3*j + 4. Let d be g(-2). Suppose -12*h + 534 + d = 0. What is the units digit of h?
6
Let w = -903 + 1556. What is the tens digit of w?
5
Let z(i) be the second derivative of i**5/5 + i**4/12 - i**2 - 27*i. Suppose 3*m - 8 = -m. What is the tens digit of z(m)?
3
Suppose -3*l + l + 8 = 0. Suppose 53 = 5*p - 2*v - 307, -p = -l*v - 90. Let c = p - 33. What is the tens digit of c?
3
Suppose 47*g = 42*g + 15. Let b(z) = 6*z**3 - 4*z - 4. What is the hundreds digit of b(g)?
1
What is the hundreds digit of 2839/4 - (4 - 91/28)?
7
Let c(f) = -7*f + 2 + 3*f**2 + f**3 - f**2 + 2*f**2 + 2*f. Suppose j - 3*j + 4*r = 22, -8 = j - r. What is the units digit of c(j)?
2
Let r(t) = -t**3 - 17*t**2 + 38*t - 31. What is the tens digit of r(-23)?
6
Let z(w) = 9*w - 40. Let r be z(17). Suppose 5*i - r = 117. What is the units digit of i?
6
Suppose 4*i - 26 = 2*d + 26, -5*d - 130 = -2*i. Let g be ((-1)/(8/332))/(1/(-2)). Let t = g + d. What is the units digit of t?
7
Suppose 4*a - 53 - 11 = 0. Suppose -18*h = -a*h - 72. Let u = -28 + h. What is the units digit of u?
8
Suppose 6*r = r + 15. Suppose -204 = -4*d + 3*d - 2*h, 0 = -r*h. What is the hundreds digit of d?
2
Suppose 4*w - 450 = -3*v, -4*v - 4*w + 2*w = -600. Suppose 6*t - t - v = 0. Let z = 56 - t. What is the units digit of z?
6
Suppose -5*k + 13348 = -4*p, 2*p - 8000 = 36*k - 39*k. What is the thousands digit of k?
2
Suppose -1218 = -6*p - 0*p. What is the tens digit of p?
0
Let v(s) = -s**3 + 6*s**2 - 7*s + 10. Let p be v(5). Suppose p = -12*n + 9*n + 243. What is the units digit of n?
1
Let t(b) = -2*b**3 - 39*b**2 - 12*b + 6. What is the tens digit of t(-20)?
4
Suppose 3*i - 206 = -11. What is the units digit of i?
5
Suppose 0 = 10*j - 24*j + 5166. What is the tens digit of j?
6
Suppose 3*d + 8 = 2*u, 4*u = -d + 2*u. Let q = d + 8. Suppose c - q*c + 70 = 0. What is the units digit of c?
4
Let y = 13 - 11. Suppose 2 = -0*n - y*n. What is the tens digit of (n/(-1))/(8/120)?
1
Suppose 38983 = 24*l - 70577. What is the units digit of l?
5
Suppose -9813 + 1299 = -9*d. What is the units digit of d?
6
Suppose -5*q + 2*q = -2*b - 12, 0 = q - 5*b + 9. Suppose 3 + 25 = 7*u. Su